) to base 11
4141
What is -112010 (base 3) in base 13?
-234
-41 (base 8) to base 15
-23
What is -2551 (base 6) in base 5?
-10033
What is -13653 (base 7) in base 16?
-eb2
Convert 1c4 (base 16) to base 3.
121202
10331030 (base 4) to base 3
1000211212
What is -1159 (base 10) in base 3?
-1120221
10110110 (base 2) to base 14
d0
What is 32122231 (base 4) in base 13?
20b57
2216 (base 8) to base 4
102032
Convert -4a2 (base 14) to base 10.
-926
1082b (base 14) to base 15
bcd3
What is 25641 (base 7) in base 3?
100101100
Convert -4dd5 (base 14) to base 5.
-414321
What is -517 (base 12) in base 9?
-1011
What is 12156 (base 11) in base 9?
25877
-210 (base 8) to base 7
-253
-10352 (base 6) to base 14
-748
Convert 2663 (base 9) to base 8.
3721
501 (base 9) to base 5
3111
-2032 (base 5) to base 6
-1123
Convert -13344 (base 6) to base 11.
-1621
Convert 24666 (base 8) to base 16.
29b6
968 (base 16) to base 6
15052
Convert -129d (base 16) to base 5.
-123030
What is 22521 (base 6) in base 4?
302101
What is -20122220 (base 3) in base 10?
-4857
1094 (base 14) to base 3
10221110
Convert -32754 (base 10) to base 16.
-7ff2
-6340 (base 11) to base 6
-102505
What is 1111111101001 (base 2) in base 6?
101453
-bba (base 12) to base 13
-a2a
cb68 (base 13) to base 4
12322111
What is 5320 (base 13) in base 12?
67ba
-396 (base 15) to base 7
-2244
-100000000110 (base 2) to base 9
-2732
-710 (base 10) to base 13
-428
-1934 (base 11) to base 5
-34312
Convert -92a (base 12) to base 7.
-3610
Convert 626 (base 9) to base 15.
240
Convert -207123 (base 8) to base 16.
-10e53
Convert -202323 (base 4) to base 16.
-8bb
-525 (base 7) to base 3
-100210
What is 653 (base 12) in base 8?
1637
-110010 (base 3) to base 7
-645
Convert 69 (base 12) to base 3.
10000
30033 (base 4) to base 10
783
Convert -9092 (base 16) to base 14.
-d6b8
-34612 (base 10) to base 11
-24006
16374 (base 9) to base 5
324440
-3aa5 (base 12) to base 7
-25451
-12bc (base 14) to base 11
-2532
What is 110101 (base 2) in base 16?
35
What is 1331 (base 7) in base 16?
200
Convert 1467 (base 10) to base 11.
1114
-391 (base 11) to base 14
-251
What is -22485 (base 9) in base 6?
-153205
2058 (base 12) to base 11
2714
What is 1337 (base 14) in base 16?
d35
-100100010011 (base 2) to base 14
-bbd
3101200 (base 4) to base 8
32140
-1101011111101110 (base 2) to base 14
-16206
What is -38cc (base 16) in base 12?
-84b8
What is 46161 (base 7) in base 9?
17110
What is -3c8 (base 13) in base 16?
-29f
Convert 1 (base 14) to base 16.
1
1a024 (base 14) to base 15
147c8
Convert -2220012 (base 4) to base 7.
-43236
What is -10112002002 (base 3) in base 15?
-1580b
5616 (base 9) to base 12
2496
What is -1120 (base 5) in base 6?
-424
-102113 (base 6) to base 5
-231003
Convert -79dd (base 14) to base 10.
-21167
Convert -1110010111111 (base 2) to base 4.
-1302333
What is -3001 (base 4) in base 13?
-11b
What is -11101101010010 (base 2) in base 15?
-4776
11430 (base 5) to base 4
31201
What is 41032 (base 5) in base 6?
20122
Convert -14304 (base 5) to base 4.
-102310
233202 (base 5) to base 14
318c
What is -1280 (base 12) in base 8?
-4100
Convert 11110101110 (base 2) to base 8.
3656
What is -795 (base 10) in base 7?
-2214
Convert -101002 (base 3) to base 4.
-10100
What is -13924 (base 13) in base 12?
-192a7
What is 11011011000111 (base 2) in base 16?
36c7
What is -624 (base 7) in base 11?
-264
Convert 1505 (base 8) to base 5.
11322
Convert 670 (base 10) to base 7.
1645
What is 10ab9 (base 15) in base 12?
26849
What is 24b (base 15) in base 8?
1011
What is 5276 (base 12) in base 14?
3402
Convert 62000 (base 10) to base 3.
10011001022
-127b8 (base 13) to base 6
-422425
-9b1 (base 12) to base 8
-2625
Convert -5254 (base 6) to base 11.
-989
-47b (base 12) to base 16
-29f
-4190 (base 11) to base 7
-22110
-17670 (base 8) to base 5
-224440
Convert -e5a (base 15) to base 8.
-6243
-77ed (base 15) to base 13
-b758
-c5 (base 15) to base 5
-1220
What is 20ac (base 16) in base 6?
102420
Convert 47989 (base 10) to base 14.
136bb
966c (base 15) to base 3
1121122210
Convert -75 (base 11) to base 4.
-1102
What is -652 (base 7) in base 3?
-110021
Convert -234 (base 7) to base 2.
-1111011
-8323 (base 11) to base 2
-10101100011100
Convert a13 (base 12) to base 3.
1222220
Convert 338 (base 9) to base 5.
2103
Convert -10b (base 14) to base 2.
-11001111
What is 22d2 (base 16) in base 8?
21322
Convert 6456 (base 11) to base 15.
27db
Convert 101011021 (base 3) to base 6.
54141
What is 598 (base 16) in base 3?
1222001
Convert -6f0 (base 16) to base 11.
-1375
What is -343104 (base 5) in base 16?
-2ff7
Convert 221213 (base 4) to base 5.
41123
Convert -1001021 (base 3) to base 4.
-23323
9 (base 12) to base 7
12
-8340 (base 12) to base 5
-424204
63 (base 14) to base 9
106
What is 43 (base 5) in base 6?
35
What is -218 (base 12) in base 16?
-134
Convert -1211 (base 5) to base 6.
-501
What is 2110310 (base 4) in base 5?
301044
57dd (base 14) to base 9
22865
What is 2508 (base 14) in base 3?
22212212
Convert -11224 (base 6) to base 13.
-961
What is 134405 (base 8) in base 10?
47365
12330 (base 4) to base 16
1bc
Convert 7059 (base 11) to base 10.
9381
What is -11100 (base 5) in base 16?
-307
41244 (base 5) to base 8
5213
Convert 329 (base 14) to base 7.
1552
What is -66 (base 15) in base 5?
-341
What is 43551 (base 8) in base 4?
10131221
Convert 41132 (base 5) to base 12.
1663
What is -455540 (base 6) in base 16?
-97d4
1a12 (base 13) to base 2
111100111110
Convert -21a (base 14) to base 16.
-1a0
What is -14517 (base 9) in base 8?
-23252
4afe (base 16) to base 3
222100001
Convert 5000 (base 8) to base 10.
2560
1313312 (base 4) to base 3
101112002
-9b (base 15) to base 9
-172
What is -8487 (base 9) in base 16?
-185b
Convert 971 (base 11) to base 10.
1167
Convert 244 (base 9) to base 7.
406
-4819 (base 10) to base 13
-2269
Convert 34332 (base 5) to base 3.
10101101
What is -102000 (base 3) in base 14?
-173
-2b82 (base 12) to base 6
-35442
Convert -6873 (base 15) to base 14.
-810a
Convert -1241 (base 6) to base 15.
-15d
1323 (base 6) to base 16
153
Convert -255230 (base 6) to base 3.
-1011211100
What is -5c5c (base 13) in base 3?
-122221211
Convert 51000 (base 6) to base 10.
6696
-c0d (base 14) to base 5
-33430
Convert -1796 (base 13) to base 3.
-11210202
-205 (base 11) to base 6
-1051
What is -88ca (base 13) in base 11?
-13389
100101111 (base 2) to base 15
153
Convert -6765 (base 11) to base 16.
-22c8
-13a1 (base 15) to base 14
-1761
What is -104121 (base 5) in base 14?
-1497
1111100110 (base 2) to base 6
4342
-10cb6 (base 13) to base 8
-74022
d8 (base 16) to base 5
1331
31032322 (base 4) to base 12
2744a
416 (base 10) to base 11
349
-47426 (base 10) to base 14
-133d8
Convert 5299 (base 10) to base 13.
2548
11001100111101 (base 2) to base 13
5c80
What is 146 (base 9) in base 4?
1323
What is 7aa (base 14) in base 8?
2762
Convert 21353 (base 10) to base 6.
242505
Convert -2020020 (base 4) to base 9.
-12850
-15cc (base 15) to base 7
-16452
-31230 (base 10) to base 9
-46750
Convert 7c5c (base 14) to base 10.
21642
What is 14 (base 16) in base 5?
40
What is 3f0 (base 16) in base 10?
1008
What is 1110101111100 (base 2) in base 15?
2383
-10120012 (base 3) to base 2
-101000100101
What is 16b5 (base 13) in base 3?
11121102
11245 (base 7) to base 8
5473
What is -28630 (base 9) in base 5?
-1110332
111110 (base 4) to base 2
10101010100
Convert 1877 (base 10) to base 9.
2515
Convert -544c (base 13) to base 4.
-2313031
Convert -511a (base 15) to base 2.
-100001011100101
16a5b (base 14) to base 7
324644
What is -5165 (base 8) in base 4?
-221311
-49 (base 11) to base 2
-110101
5741 (base 11) to base 15
2382
Convert 2213 (base 13) to base 5.
122443
What is -3a90 (base 11) in base 2?
-1010010110110
What is 1334013 (base 5) in base 6?
330435
2ab (base 12) to base 3
120112
What is -242a (base 13) in base 4?
-1033302
What is a59a (base 11) in base 3?
201020102
-50266 (base 8) to base 4
-11002312
Convert -23300 (base 4) to base 16.
-2f0
69d4 (base 16) to base 3
1101011102
30711 (base 8) to base 16
31c9
Convert -30101 (base 4) to base 7.
-2201
Convert 55a6 (base 14) to base 2.
11100111111110
Convert -1102231 (base 4) to base 10.
-5293
What is 100110000011 (base 2) in base 16?
983
What is 8ca0 (base 15) in bas